ed by 82.
44
Calculate the remainder when 284 is divided by 58.
52
What is the remainder when 242 is divided by 89?
64
What is the remainder when 2085 is divided by 24?
21
Calculate the remainder when 121 is divided by 93.
28
What is the remainder when 4275 is divided by 62?
59
Calculate the remainder when 470 is divided by 459.
11
What is the remainder when 3723 is divided by 38?
37
What is the remainder when 41 is divided by 21?
20
What is the remainder when 94769 is divided by 13?
12
Calculate the remainder when 6733 is divided by 40.
13
What is the remainder when 771 is divided by 86?
83
Calculate the remainder when 1168 is divided by 241.
204
Calculate the remainder when 29 is divided by 4.
1
Calculate the remainder when 55 is divided by 45.
10
What is the remainder when 984 is divided by 492?
0
What is the remainder when 6553 is divided by 19?
17
Calculate the remainder when 351 is divided by 30.
21
Calculate the remainder when 698 is divided by 37.
32
Calculate the remainder when 118 is divided by 11.
8
Calculate the remainder when 103 is divided by 42.
19
Calculate the remainder when 907 is divided by 319.
269
What is the remainder when 1531 is divided by 21?
19
Calculate the remainder when 596 is divided by 150.
146
Calculate the remainder when 582 is divided by 19.
12
What is the remainder when 311 is divided by 15?
11
Calculate the remainder when 2264 is divided by 11.
9
Calculate the remainder when 80 is divided by 25.
5
What is the remainder when 253 is divided by 51?
49
What is the remainder when 758 is divided by 364?
30
What is the remainder when 64 is divided by 37?
27
What is the remainder when 81 is divided by 41?
40
Calculate the remainder when 2105 is divided by 56.
33
Calculate the remainder when 473 is divided by 163.
147
What is the remainder when 843 is divided by 17?
10
Calculate the remainder when 77 is divided by 42.
35
Calculate the remainder when 179 is divided by 36.
35
What is the remainder when 2092 is divided by 233?
228
Calculate the remainder when 478 is divided by 130.
88
Calculate the remainder when 954 is divided by 10.
4
What is the remainder when 144 is divided by 17?
8
What is the remainder when 2436 is divided by 111?
105
Calculate the remainder when 17283 is divided by 258.
255
What is the remainder when 88 is divided by 19?
12
Calculate the remainder when 5352 is divided by 255.
252
What is the remainder when 141 is divided by 11?
9
What is the remainder when 3186 is divided by 17?
7
What is the remainder when 687 is divided by 69?
66
Calculate the remainder when 110 is divided by 32.
14
What is the remainder when 1532 is divided by 7?
6
Calculate the remainder when 29 is divided by 3.
2
What is the remainder when 74 is divided by 27?
20
Calculate the remainder when 425 is divided by 205.
15
What is the remainder when 97 is divided by 11?
9
What is the remainder when 157 is divided by 153?
4
What is the remainder when 492 is divided by 106?
68
What is the remainder when 11842 is divided by 126?
124
What is the remainder when 174 is divided by 79?
16
Calculate the remainder when 434 is divided by 73.
69
What is the remainder when 475 is divided by 154?
13
Calculate the remainder when 2498 is divided by 147.
146
What is the remainder when 460 is divided by 33?
31
What is the remainder when 885 is divided by 56?
45
What is the remainder when 132 is divided by 39?
15
What is the remainder when 152 is divided by 36?
8
Calculate the remainder when 107 is divided by 22.
19
Calculate the remainder when 148 is divided by 23.
10
Calculate the remainder when 795 is divided by 396.
3
What is the remainder when 29 is divided by 23?
6
Calculate the remainder when 482 is divided by 98.
90
What is the remainder when 437 is divided by 103?
25
Calculate the remainder when 4933 is divided by 21.
19
Calculate the remainder when 114 is divided by 58.
56
What is the remainder when 2434 is divided by 1209?
16
What is the remainder when 3385 is divided by 377?
369
Calculate the remainder when 259 is divided by 79.
22
What is the remainder when 679 is divided by 89?
56
Calculate the remainder when 2661 is divided by 21.
15
What is the remainder when 528 is divided by 80?
48
Calculate the remainder when 58 is divided by 5.
3
What is the remainder when 464 is divided by 1?
0
What is the remainder when 1214 is divided by 76?
74
What is the remainder when 2318 is divided by 10?
8
What is the remainder when 527 is divided by 38?
33
Calculate the remainder when 14130 is divided by 19.
13
Calculate the remainder when 88 is divided by 8.
0
What is the remainder when 64 is divided by 54?
10
Calculate the remainder when 116 is divided by 11.
6
What is the remainder when 372 is divided by 34?
32
What is the remainder when 199 is divided by 29?
25
Calculate the remainder when 979 is divided by 310.
49
What is the remainder when 71 is divided by 51?
20
Calculate the remainder when 309 is divided by 16.
5
Calculate the remainder when 487 is divided by 63.
46
What is the remainder when 87 is divided by 50?
37
Calculate the remainder when 118 is divided by 17.
16
What is the remainder when 116 is divided by 17?
14
What is the remainder when 72 is divided by 11?
6
What is the remainder when 45 is divided by 12?
9
What is the remainder when 491 is divided by 203?
85
What is the remainder when 21 is divided by 8?
5
Calculate the remainder when 119 is divided by 8.
7
Calculate the remainder when 467 is divided by 36.
35
Calculate the remainder when 3078 is divided by 10.
8
What is the remainder when 218 is divided by 45?
38
What is the remainder when 68 is divided by 8?
4
Calculate the remainder when 790 is divided by 249.
43
What is the remainder when 94 is divided by 25?
19
What is the remainder when 5419 is divided by 37?
17
What is the remainder when 1275 is divided by 278?
163
Calculate the remainder when 892 is divided by 71.
40
Calculate the remainder when 166 is divided by 100.
66
Calculate the remainder when 1365 is divided by 441.
42
Calculate the remainder when 2434 is divided by 61.
55
What is the remainder when 15 is divided by 2?
1
What is the remainder when 295 is divided by 13?
9
Calculate the remainder when 6083 is divided by 675.
8
What is the remainder when 346 is divided by 58?
56
Calculate the remainder when 3320 is divided by 552.
8
What is the remainder when 775 is divided by 143?
60
What is the remainder when 31 is divided by 16?
15
What is the remainder when 828 is divided by 160?
28
What is the remainder when 122 is divided by 67?
55
Calculate the remainder when 257 is divided by 37.
35
Calculate the remainder when 1979 is divided by 58.
7
What is the remainder when 90 is divided by 37?
16
What is the remainder when 23874 is divided by 21?
18
What is the remainder when 2317 is divided by 27?
22
What is the remainder when 178 is divided by 30?
28
What is the remainder when 79 is divided by 16?
15
Calculate the remainder when 283 is divided by 161.
122
What is the remainder when 166 is divided by 29?
21
Calculate the remainder when 194 is divided by 67.
60
What is the remainder when 505 is divided by 23?
22
What is the remainder when 3703 is divided by 167?
29
What is the remainder when 89 is divided by 5?
4
Calculate the remainder when 677 is divided by 231.
215
Calculate the remainder when 90 is divided by 30.
0
Calculate the remainder when 1181 is divided by 91.
89
Calculate the remainder when 3371 is divided by 9.
5
What is the remainder when 356 is divided by 18?
14
What is the remainder when 228 is divided by 11?
8
Calculate the remainder when 2821 is divided by 34.
33
What is the remainder when 51 is divided by 37?
14
Calculate the remainder when 42 is divided by 5.
2
Calculate the remainder when 195 is divided by 66.
63
Calculate the remainder when 52 is divided by 45.
7
Calculate the remainder when 442 is divided by 25.
17
Calculate the remainder when 313 is divided by 84.
61
Calculate the remainder when 992 is divided by 356.
280
Calculate the remainder when 95 is divided by 66.
29
Calculate the remainder when 229 is divided by 58.
55
Calculate the remainder when 200 is divided by 76.
48
Calculate the remainder when 588 is divided by 17.
10
What is the remainder when 1220 is divided by 248?
228
What is th